{"id":6125,"date":"2025-08-01T09:12:25","date_gmt":"2025-08-01T07:12:25","guid":{"rendered":"https:\/\/ramazzotti.com\/il-mio-giorno-preferito-mi-dia-preferido\/"},"modified":"2025-08-01T20:30:05","modified_gmt":"2025-08-01T18:30:05","slug":"il-mio-giorno-preferito-mi-dia-preferido","status":"publish","type":"page","link":"https:\/\/ramazzotti.com\/it\/il-mio-giorno-preferito-mi-dia-preferido\/","title":{"rendered":"Il mio giorno preferito &#8211; Mi d\u00eda preferido"},"content":{"rendered":"\t\t<div data-elementor-type=\"wp-page\" data-elementor-id=\"6125\" class=\"elementor elementor-6125 elementor-6092\" data-elementor-post-type=\"page\">\n\t\t\t\t\t\t<section class=\"elementor-section elementor-top-section elementor-element elementor-element-2e93d07 elementor-section-boxed elementor-section-height-default elementor-section-height-default wpr-particle-no wpr-jarallax-no wpr-parallax-no wpr-sticky-section-no\" data-id=\"2e93d07\" data-element_type=\"section\">\n\t\t\t\t\t\t<div class=\"elementor-container elementor-column-gap-default\">\n\t\t\t\t\t<div class=\"elementor-column elementor-col-100 elementor-top-column elementor-element elementor-element-8ae5d3f\" data-id=\"8ae5d3f\" data-element_type=\"column\">\n\t\t\t<div class=\"elementor-widget-wrap elementor-element-populated\">\n\t\t\t\t\t\t<section class=\"elementor-section elementor-inner-section elementor-element elementor-element-4855794 elementor-section-boxed elementor-section-height-default elementor-section-height-default wpr-particle-no wpr-jarallax-no wpr-parallax-no wpr-sticky-section-no\" data-id=\"4855794\" data-element_type=\"section\">\n\t\t\t\t\t\t<div class=\"elementor-container elementor-column-gap-default\">\n\t\t\t\t\t<div class=\"elementor-column elementor-col-100 elementor-inner-column elementor-element elementor-element-56eb6e9\" data-id=\"56eb6e9\" data-element_type=\"column\">\n\t\t\t<div class=\"elementor-widget-wrap elementor-element-populated\">\n\t\t\t\t\t\t<div class=\"elementor-element elementor-element-59b9a43 elementor-cta--skin-cover elementor-animated-content elementor-widget elementor-widget-call-to-action\" data-id=\"59b9a43\" data-element_type=\"widget\" data-widget_type=\"call-to-action.default\">\n\t\t\t\t<div class=\"elementor-widget-container\">\n\t\t\t\t\t\t\t<div class=\"elementor-cta\">\n\t\t\t\t\t<div class=\"elementor-cta__bg-wrapper\">\n\t\t\t\t<div class=\"elementor-cta__bg elementor-bg\" style=\"background-image: url();\" role=\"img\" aria-label=\"\"><\/div>\n\t\t\t\t<div class=\"elementor-cta__bg-overlay\"><\/div>\n\t\t\t<\/div>\n\t\t\t\t\t\t\t<div class=\"elementor-cta__content\">\n\t\t\t\t\t\t\t\t\t<div class=\"elementor-content-item elementor-cta__content-item elementor-cta__image elementor-animated-item--move-right\">\n\t\t\t\t\t\t<img fetchpriority=\"high\" decoding=\"async\" width=\"1920\" height=\"491\" src=\"https:\/\/ramazzotti.com\/wp-content\/uploads\/2022\/09\/eros.png\" class=\"attachment-full size-full wp-image-4650\" alt=\"Eros Ramazzotti\" srcset=\"https:\/\/ramazzotti.com\/wp-content\/uploads\/2022\/09\/eros.png 1920w, https:\/\/ramazzotti.com\/wp-content\/uploads\/2022\/09\/eros-300x77.png 300w, https:\/\/ramazzotti.com\/wp-content\/uploads\/2022\/09\/eros-1024x262.png 1024w, https:\/\/ramazzotti.com\/wp-content\/uploads\/2022\/09\/eros-768x196.png 768w, https:\/\/ramazzotti.com\/wp-content\/uploads\/2022\/09\/eros-1536x393.png 1536w\" sizes=\"(max-width: 1920px) 100vw, 1920px\" title=\"Eros Ramazzotti\">\t\t\t\t\t<\/div>\n\t\t\t\t\n\t\t\t\t\n\t\t\t\t\n\t\t\t\t\t\t\t<\/div>\n\t\t\t\t\t\t<\/div>\n\t\t\t\t\t\t<\/div>\n\t\t\t\t<\/div>\n\t\t\t\t<div class=\"elementor-element elementor-element-c78a256 elementor-widget elementor-widget-heading\" data-id=\"c78a256\" data-element_type=\"widget\" data-settings=\"{&quot;motion_fx_motion_fx_mouse&quot;:&quot;yes&quot;,&quot;motion_fx_mouseTrack_effect&quot;:&quot;yes&quot;,&quot;motion_fx_mouseTrack_speed&quot;:{&quot;unit&quot;:&quot;px&quot;,&quot;size&quot;:0.5,&quot;sizes&quot;:[]}}\" data-widget_type=\"heading.default\">\n\t\t\t\t<div class=\"elementor-widget-container\">\n\t\t\t\t\t<h2 class=\"elementor-heading-title elementor-size-default\">EROS RAMAZZOTTI<\/h2>\t\t\t\t<\/div>\n\t\t\t\t<\/div>\n\t\t\t\t\t<\/div>\n\t\t<\/div>\n\t\t\t\t\t<\/div>\n\t\t<\/section>\n\t\t\t\t<div class=\"elementor-element elementor-element-affd3e9 elementor-widget elementor-widget-text-editor\" data-id=\"affd3e9\" data-element_type=\"widget\" data-widget_type=\"text-editor.default\">\n\t\t\t\t<div class=\"elementor-widget-container\">\n\t\t\t\t\t\t\t\t\t<h3 style=\"text-align: center;\"><strong>\u201cIl mio giorno preferito \/ Mi d\u00eda preferido&#8221; <br \/>fuori il 22 agosto<\/strong>.<\/h3><p style=\"text-align: center;\"><strong>VENERD\u00cc 22 AGOSTO ESCE<\/strong><br \/><strong>SU TUTTE LE PIATTAFORME DIGITALI E IN RADIO<\/strong><br \/><strong>IN ITALIA E NEL MONDO<\/strong><\/p><p style=\"text-align: center;\">Il mio giorno preferito<br \/>Mi d\u00eda preferido<br \/><strong>IL NUOVO SINGOLO<\/strong><\/p><p style=\"text-align: center;\"><strong>AL VIA ORA IL PRE-SAVE DEL BRANO<\/strong><br \/><strong>E IL CONTEST MONDIALE ESCLUSIVO<\/strong><br \/><strong>PER VINCERE IL WORLD TOUR GALA PREMIERE<\/strong><\/p>\t\t\t\t\t\t\t\t<\/div>\n\t\t\t\t<\/div>\n\t\t\t\t<div class=\"elementor-element elementor-element-0ab023f elementor-widget elementor-widget-image\" data-id=\"0ab023f\" data-element_type=\"widget\" data-widget_type=\"image.default\">\n\t\t\t\t<div class=\"elementor-widget-container\">\n\t\t\t\t\t\t\t\t\t\t\t\t\t\t\t\t<a href=\"https:\/\/forms.sonymusicfans.com\/campaign\/sxdjvcfuvh\/\" target=\"_blank\" rel=\"noopener\">\n\t\t\t\t\t\t\t<img decoding=\"async\" width=\"1024\" height=\"1024\" src=\"https:\/\/ramazzotti.com\/wp-content\/uploads\/2025\/08\/cover-1024x1024.jpg\" class=\"attachment-large size-large wp-image-6105\" alt=\"Eros Ramazzotti\" srcset=\"https:\/\/ramazzotti.com\/wp-content\/uploads\/2025\/08\/cover-1024x1024.jpg 1024w, https:\/\/ramazzotti.com\/wp-content\/uploads\/2025\/08\/cover-300x300.jpg 300w, https:\/\/ramazzotti.com\/wp-content\/uploads\/2025\/08\/cover-150x150.jpg 150w, https:\/\/ramazzotti.com\/wp-content\/uploads\/2025\/08\/cover-768x768.jpg 768w, https:\/\/ramazzotti.com\/wp-content\/uploads\/2025\/08\/cover.jpg 1500w\" sizes=\"(max-width: 1024px) 100vw, 1024px\" title=\"Eros Ramazzotti\">\t\t\t\t\t\t\t\t<\/a>\n\t\t\t\t\t\t\t\t\t\t\t\t\t\t\t<\/div>\n\t\t\t\t<\/div>\n\t\t\t\t<div class=\"elementor-element elementor-element-a737998 elementor-widget elementor-widget-text-editor\" data-id=\"a737998\" data-element_type=\"widget\" data-widget_type=\"text-editor.default\">\n\t\t\t\t<div class=\"elementor-widget-container\">\n\t\t\t\t\t\t\t\t\t<p>A distanza di tre anni dal pi\u00f9 recente lavoro discografico e dopo aver annunciato il viaggio musicale <em>UNA STORIA IMPORTANTE WORLD TOUR<\/em>, <strong>Eros Ramazzotti pubblica venerd\u00ec 22 agosto il nuovo singolo <em>Il mio giorno preferito<\/em><\/strong> <em>(<strong>Mi d\u00eda preferido<\/strong>)<\/em> <strong>su tutte le piattaforme digitali e in rotazione radiofonica in Italia e nel mondo per Columbia Records\/Sony Music Italy su licenza Eventim Live International.<\/strong><\/p><p><strong>Scritto da Eros Ramazzotti<\/strong>,<strong> Edoardo D\u2019Erme,<\/strong> <strong>Tommaso Paradiso<\/strong>, <strong>CanovA<\/strong>, <strong>Antonio Cirigliano<\/strong> e <strong>prodotto da CanovA<\/strong> \u2013 in versione italiana e spagnola \u2013 <strong><em>Il mio giorno preferito <\/em><\/strong>\u00e8 un brano pop dallo spirito contemporaneo che conferma ancora una volta la capacit\u00e0 di<strong> Eros<\/strong> di rinnovarsi. Tra solitudine e desiderio di evasione, <strong><em>Il mio giorno preferito <\/em><\/strong>\u00e8 una rinascita affettiva che trasforma l\u2019ordinario in qualcosa di speciale parlando al cuore senza perdere contatto con il presente.<br \/>In occasione dell\u2019uscita del nuovo singolo, <strong>Eros Ramazzotti lancia un contest mondiale esclusivo che permetter\u00e0 al vincitore di partecipare al <em>World Tour Gala Premi\u00e8re<\/em><\/strong> <strong>previsto il 17 ottobre allo Ziggo Dome di Amsterdam<\/strong>. <strong>Per accedere al contest bisogner\u00e0 pre-salvare<\/strong> <strong><em>Il mio giorno preferito<\/em><\/strong> (pre-save al via oggi 1\u00b0 agosto) al link qui sotto:<\/p>\t\t\t\t\t\t\t\t<\/div>\n\t\t\t\t<\/div>\n\t\t\t\t<div class=\"elementor-element elementor-element-b6bf8e3 elementor-button-info elementor-align-center elementor-widget elementor-widget-button\" data-id=\"b6bf8e3\" data-element_type=\"widget\" data-widget_type=\"button.default\">\n\t\t\t\t<div class=\"elementor-widget-container\">\n\t\t\t\t\t\t\t\t\t<div class=\"elementor-button-wrapper\">\n\t\t\t\t\t<a class=\"elementor-button elementor-button-link elementor-size-sm\" href=\"https:\/\/forms.sonymusicfans.com\/campaign\/sxdjvcfuvh\/\" target=\"_blank\" rel=\"noopener\">\n\t\t\t\t\t\t<span class=\"elementor-button-content-wrapper\">\n\t\t\t\t\t\t\t\t\t<span class=\"elementor-button-text\">PRESALVA ORA<\/span>\n\t\t\t\t\t<\/span>\n\t\t\t\t\t<\/a>\n\t\t\t\t<\/div>\n\t\t\t\t\t\t\t\t<\/div>\n\t\t\t\t<\/div>\n\t\t\t\t\t<\/div>\n\t\t<\/div>\n\t\t\t\t\t<\/div>\n\t\t<\/section>\n\t\t\t\t<\/div>\n\t\t","protected":false},"excerpt":{"rendered":"<p>EROS RAMAZZOTTI \u201cIl mio giorno preferito \/ Mi d\u00eda preferido&#8221; fuori il 22 agosto. VENERD\u00cc 22 AGOSTO ESCESU TUTTE LE PIATTAFORME DIGITALI E IN RADIOIN ITALIA E NEL MONDO Il mio giorno preferitoMi d\u00eda preferidoIL NUOVO SINGOLO AL VIA ORA IL PRE-SAVE DEL BRANOE IL CONTEST MONDIALE ESCLUSIVOPER VINCERE IL WORLD TOUR GALA PREMIERE A distanza di tre anni dal pi\u00f9 recente lavoro discografico e dopo aver annunciato il viaggio musicale UNA STORIA IMPORTANTE WORLD TOUR, Eros Ramazzotti pubblica venerd\u00ec 22 agosto il nuovo singolo Il mio giorno preferito (Mi d\u00eda preferido) su tutte le piattaforme digitali e in rotazione radiofonica in Italia e nel mondo per Columbia Records\/Sony Music Italy su licenza Eventim Live International. Scritto da Eros Ramazzotti, Edoardo D\u2019Erme, Tommaso Paradiso, CanovA, Antonio Cirigliano e prodotto da CanovA \u2013 in versione italiana e spagnola \u2013 Il mio giorno preferito \u00e8 un brano pop dallo spirito contemporaneo che conferma ancora una volta la capacit\u00e0 di Eros di rinnovarsi. Tra solitudine e desiderio di evasione, Il mio giorno preferito \u00e8 una rinascita affettiva che trasforma l\u2019ordinario in qualcosa di speciale parlando al cuore senza perdere contatto con il presente.In occasione dell\u2019uscita del nuovo singolo, Eros Ramazzotti lancia un contest mondiale esclusivo che permetter\u00e0 al vincitore di partecipare al World Tour Gala Premi\u00e8re previsto il 17 ottobre allo Ziggo Dome di Amsterdam. Per accedere al contest bisogner\u00e0 pre-salvare Il mio giorno preferito (pre-save al via oggi 1\u00b0 agosto) al link qui sotto: PRESALVA ORA<\/p>\n","protected":false},"author":4,"featured_media":0,"parent":0,"menu_order":0,"comment_status":"closed","ping_status":"closed","template":"","meta":{"footnotes":""},"class_list":["post-6125","page","type-page","status-publish","hentry"],"_links":{"self":[{"href":"https:\/\/ramazzotti.com\/it\/wp-json\/wp\/v2\/pages\/6125","targetHints":{"allow":["GET"]}}],"collection":[{"href":"https:\/\/ramazzotti.com\/it\/wp-json\/wp\/v2\/pages"}],"about":[{"href":"https:\/\/ramazzotti.com\/it\/wp-json\/wp\/v2\/types\/page"}],"author":[{"embeddable":true,"href":"https:\/\/ramazzotti.com\/it\/wp-json\/wp\/v2\/users\/4"}],"replies":[{"embeddable":true,"href":"https:\/\/ramazzotti.com\/it\/wp-json\/wp\/v2\/comments?post=6125"}],"version-history":[{"count":5,"href":"https:\/\/ramazzotti.com\/it\/wp-json\/wp\/v2\/pages\/6125\/revisions"}],"predecessor-version":[{"id":6177,"href":"https:\/\/ramazzotti.com\/it\/wp-json\/wp\/v2\/pages\/6125\/revisions\/6177"}],"wp:attachment":[{"href":"https:\/\/ramazzotti.com\/it\/wp-json\/wp\/v2\/media?parent=6125"}],"curies":[{"name":"wp","href":"https:\/\/api.w.org\/{rel}","templated":true}]}}

Il mio giorno preferito &#8211; Mi día preferido

<div data-elementor-type="wp-page" data-elementor-id="6125" class="elementor elementor-6125 elementor-6092" data-elementor-post-type="page">
						<section class="elementor-section elementor-top-section elementor-element elementor-element-2e93d07 elementor-section-boxed elementor-section-height-default elementor-section-height-default wpr-particle-no wpr-jarallax-no wpr-parallax-no wpr-sticky-section-no" data-id="2e93d07" data-element_type="section">
						<div class="elementor-container elementor-column-gap-default">
					<div class="elementor-column elementor-col-100 elementor-top-column elementor-element elementor-element-8ae5d3f" data-id="8ae5d3f" data-element_type="column">
			<div class="elementor-widget-wrap elementor-element-populated">
						<section class="elementor-section elementor-inner-section elementor-element elementor-element-4855794 elementor-section-boxed elementor-section-height-default elementor-section-height-default wpr-particle-no wpr-jarallax-no wpr-parallax-no wpr-sticky-section-no" data-id="4855794" data-element_type="section">
						<div class="elementor-container elementor-column-gap-default">
					<div class="elementor-column elementor-col-100 elementor-inner-column elementor-element elementor-element-56eb6e9" data-id="56eb6e9" data-element_type="column">
			<div class="elementor-widget-wrap elementor-element-populated">
						<div class="elementor-element elementor-element-59b9a43 elementor-cta--skin-cover elementor-animated-content elementor-widget elementor-widget-call-to-action" data-id="59b9a43" data-element_type="widget" data-widget_type="call-to-action.default">
				<div class="elementor-widget-container">
							<div class="elementor-cta">
					<div class="elementor-cta__bg-wrapper">
				<div class="elementor-cta__bg elementor-bg" style="background-image: url();" role="img" aria-label=""></div>
				<div class="elementor-cta__bg-overlay"></div>
			</div>
							<div class="elementor-cta__content">
									<div class="elementor-content-item elementor-cta__content-item elementor-cta__image elementor-animated-item--move-right">
						<img fetchpriority="high" decoding="async" width="1920" height="491" src="https://ramazzotti.com/wp-content/uploads/2022/09/eros.png" class="attachment-full size-full wp-image-4650" alt="Eros Ramazzotti" srcset="https://ramazzotti.com/wp-content/uploads/2022/09/eros.png 1920w, https://ramazzotti.com/wp-content/uploads/2022/09/eros-300x77.png 300w, https://ramazzotti.com/wp-content/uploads/2022/09/eros-1024x262.png 1024w, https://ramazzotti.com/wp-content/uploads/2022/09/eros-768x196.png 768w, https://ramazzotti.com/wp-content/uploads/2022/09/eros-1536x393.png 1536w" sizes="(max-width: 1920px) 100vw, 1920px" title="Eros Ramazzotti">					</div>
				
				
				
							</div>
						</div>
						</div>
				</div>
				<div class="elementor-element elementor-element-c78a256 elementor-widget elementor-widget-heading" data-id="c78a256" data-element_type="widget" data-settings="{&quot;motion_fx_motion_fx_mouse&quot;:&quot;yes&quot;,&quot;motion_fx_mouseTrack_effect&quot;:&quot;yes&quot;,&quot;motion_fx_mouseTrack_speed&quot;:{&quot;unit&quot;:&quot;px&quot;,&quot;size&quot;:0.5,&quot;sizes&quot;:[]}}" data-widget_type="heading.default">
				<div class="elementor-widget-container">
					<h2 class="elementor-heading-title elementor-size-default">EROS RAMAZZOTTI</h2>				</div>
				</div>
					</div>
		</div>
					</div>
		</section>
				<div class="elementor-element elementor-element-affd3e9 elementor-widget elementor-widget-text-editor" data-id="affd3e9" data-element_type="widget" data-widget_type="text-editor.default">
				<div class="elementor-widget-container">
									<h3 style="text-align: center;"><strong>“Il mio giorno preferito / Mi día preferido&#8221; <br />fuori il 22 agosto</strong>.</h3><p style="text-align: center;"><strong>VENERDÌ 22 AGOSTO ESCE</strong><br /><strong>SU TUTTE LE PIATTAFORME DIGITALI E IN RADIO</strong><br /><strong>IN ITALIA E NEL MONDO</strong></p><p style="text-align: center;">Il mio giorno preferito<br />Mi día preferido<br /><strong>IL NUOVO SINGOLO</strong></p><p style="text-align: center;"><strong>AL VIA ORA IL PRE-SAVE DEL BRANO</strong><br /><strong>E IL CONTEST MONDIALE ESCLUSIVO</strong><br /><strong>PER VINCERE IL WORLD TOUR GALA PREMIERE</strong></p>								</div>
				</div>
				<div class="elementor-element elementor-element-0ab023f elementor-widget elementor-widget-image" data-id="0ab023f" data-element_type="widget" data-widget_type="image.default">
				<div class="elementor-widget-container">
																<a href="https://forms.sonymusicfans.com/campaign/sxdjvcfuvh/" target="_blank" rel="noopener">
							<img decoding="async" width="1024" height="1024" src="https://ramazzotti.com/wp-content/uploads/2025/08/cover-1024x1024.jpg" class="attachment-large size-large wp-image-6105" alt="Eros Ramazzotti" srcset="https://ramazzotti.com/wp-content/uploads/2025/08/cover-1024x1024.jpg 1024w, https://ramazzotti.com/wp-content/uploads/2025/08/cover-300x300.jpg 300w, https://ramazzotti.com/wp-content/uploads/2025/08/cover-150x150.jpg 150w, https://ramazzotti.com/wp-content/uploads/2025/08/cover-768x768.jpg 768w, https://ramazzotti.com/wp-content/uploads/2025/08/cover.jpg 1500w" sizes="(max-width: 1024px) 100vw, 1024px" title="Eros Ramazzotti">								</a>
															</div>
				</div>
				<div class="elementor-element elementor-element-a737998 elementor-widget elementor-widget-text-editor" data-id="a737998" data-element_type="widget" data-widget_type="text-editor.default">
				<div class="elementor-widget-container">
									<p>A distanza di tre anni dal più recente lavoro discografico e dopo aver annunciato il viaggio musicale <em>UNA STORIA IMPORTANTE WORLD TOUR</em>, <strong>Eros Ramazzotti pubblica venerdì 22 agosto il nuovo singolo <em>Il mio giorno preferito</em></strong> <em>(<strong>Mi día preferido</strong>)</em> <strong>su tutte le piattaforme digitali e in rotazione radiofonica in Italia e nel mondo per Columbia Records/Sony Music Italy su licenza Eventim Live International.</strong></p><p><strong>Scritto da Eros Ramazzotti</strong>,<strong> Edoardo D’Erme,</strong> <strong>Tommaso Paradiso</strong>, <strong>CanovA</strong>, <strong>Antonio Cirigliano</strong> e <strong>prodotto da CanovA</strong> – in versione italiana e spagnola – <strong><em>Il mio giorno preferito </em></strong>è un brano pop dallo spirito contemporaneo che conferma ancora una volta la capacità di<strong> Eros</strong> di rinnovarsi. Tra solitudine e desiderio di evasione, <strong><em>Il mio giorno preferito </em></strong>è una rinascita affettiva che trasforma l’ordinario in qualcosa di speciale parlando al cuore senza perdere contatto con il presente.<br />In occasione dell’uscita del nuovo singolo, <strong>Eros Ramazzotti lancia un contest mondiale esclusivo che permetterà al vincitore di partecipare al <em>World Tour Gala Première</em></strong> <strong>previsto il 17 ottobre allo Ziggo Dome di Amsterdam</strong>. <strong>Per accedere al contest bisognerà pre-salvare</strong> <strong><em>Il mio giorno preferito</em></strong> (pre-save al via oggi 1° agosto) al link qui sotto:</p>								</div>
				</div>
				<div class="elementor-element elementor-element-b6bf8e3 elementor-button-info elementor-align-center elementor-widget elementor-widget-button" data-id="b6bf8e3" data-element_type="widget" data-widget_type="button.default">
				<div class="elementor-widget-container">
									<div class="elementor-button-wrapper">
					<a class="elementor-button elementor-button-link elementor-size-sm" href="https://forms.sonymusicfans.com/campaign/sxdjvcfuvh/" target="_blank" rel="noopener">
						<span class="elementor-button-content-wrapper">
									<span class="elementor-button-text">PRESALVA ORA</span>
					</span>
					</a>
				</div>
								</div>
				</div>
					</div>
		</div>
					</div>
		</section>
				</div>

<p>EROS RAMAZZOTTI “Il mio giorno preferito / Mi día preferido&#8221; fuori il 22 agosto. VENERDÌ 22 AGOSTO ESCESU TUTTE LE PIATTAFORME DIGITALI E IN RADIOIN ITALIA E NEL MONDO Il mio giorno preferitoMi día preferidoIL NUOVO SINGOLO AL VIA ORA IL PRE-SAVE DEL BRANOE IL CONTEST MONDIALE ESCLUSIVOPER VINCERE IL WORLD TOUR GALA PREMIERE A distanza di tre anni dal più recente lavoro discografico e dopo aver annunciato il viaggio musicale UNA STORIA IMPORTANTE WORLD TOUR, Eros Ramazzotti pubblica venerdì 22 agosto il nuovo singolo Il mio giorno preferito (Mi día preferido) su tutte le piattaforme digitali e in rotazione radiofonica in Italia e nel mondo per Columbia Records/Sony Music Italy su licenza Eventim Live International. Scritto da Eros Ramazzotti, Edoardo D’Erme, Tommaso Paradiso, CanovA, Antonio Cirigliano e prodotto da CanovA – in versione italiana e spagnola – Il mio giorno preferito è un brano pop dallo spirito contemporaneo che conferma ancora una volta la capacità di Eros di rinnovarsi. Tra solitudine e desiderio di evasione, Il mio giorno preferito è una rinascita affettiva che trasforma l’ordinario in qualcosa di speciale parlando al cuore senza perdere contatto con il presente.In occasione dell’uscita del nuovo singolo, Eros Ramazzotti lancia un contest mondiale esclusivo che permetterà al vincitore di partecipare al World Tour Gala Première previsto il 17 ottobre allo Ziggo Dome di Amsterdam. Per accedere al contest bisognerà pre-salvare Il mio giorno preferito (pre-save al via oggi 1° agosto) al link qui sotto: PRESALVA ORA</p>
