{"id":6126,"date":"2025-08-01T09:12:25","date_gmt":"2025-08-01T07:12:25","guid":{"rendered":"https:\/\/ramazzotti.com\/il-mio-giorno-preferito-mi-dia-preferido\/"},"modified":"2025-08-01T20:30:32","modified_gmt":"2025-08-01T18:30:32","slug":"il-mio-giorno-preferito-mi-dia-preferido","status":"publish","type":"page","link":"https:\/\/ramazzotti.com\/es\/il-mio-giorno-preferito-mi-dia-preferido\/","title":{"rendered":"Il mio giorno preferito &#8211; Mi d\u00eda preferido"},"content":{"rendered":"\t\t<div data-elementor-type=\"wp-page\" data-elementor-id=\"6126\" class=\"elementor elementor-6126 elementor-6092\" data-elementor-post-type=\"page\">\n\t\t\t\t\t\t<section class=\"elementor-section elementor-top-section elementor-element elementor-element-2e93d07 elementor-section-boxed elementor-section-height-default elementor-section-height-default wpr-particle-no wpr-jarallax-no wpr-parallax-no wpr-sticky-section-no\" data-id=\"2e93d07\" data-element_type=\"section\">\n\t\t\t\t\t\t<div class=\"elementor-container elementor-column-gap-default\">\n\t\t\t\t\t<div class=\"elementor-column elementor-col-100 elementor-top-column elementor-element elementor-element-8ae5d3f\" data-id=\"8ae5d3f\" data-element_type=\"column\">\n\t\t\t<div class=\"elementor-widget-wrap elementor-element-populated\">\n\t\t\t\t\t\t<section class=\"elementor-section elementor-inner-section elementor-element elementor-element-4855794 elementor-section-boxed elementor-section-height-default elementor-section-height-default wpr-particle-no wpr-jarallax-no wpr-parallax-no wpr-sticky-section-no\" data-id=\"4855794\" data-element_type=\"section\">\n\t\t\t\t\t\t<div class=\"elementor-container elementor-column-gap-default\">\n\t\t\t\t\t<div class=\"elementor-column elementor-col-100 elementor-inner-column elementor-element elementor-element-56eb6e9\" data-id=\"56eb6e9\" data-element_type=\"column\">\n\t\t\t<div class=\"elementor-widget-wrap elementor-element-populated\">\n\t\t\t\t\t\t<div class=\"elementor-element elementor-element-59b9a43 elementor-cta--skin-cover elementor-animated-content elementor-widget elementor-widget-call-to-action\" data-id=\"59b9a43\" data-element_type=\"widget\" data-widget_type=\"call-to-action.default\">\n\t\t\t\t<div class=\"elementor-widget-container\">\n\t\t\t\t\t\t\t<div class=\"elementor-cta\">\n\t\t\t\t\t<div class=\"elementor-cta__bg-wrapper\">\n\t\t\t\t<div class=\"elementor-cta__bg elementor-bg\" style=\"background-image: url();\" role=\"img\" aria-label=\"\"><\/div>\n\t\t\t\t<div class=\"elementor-cta__bg-overlay\"><\/div>\n\t\t\t<\/div>\n\t\t\t\t\t\t\t<div class=\"elementor-cta__content\">\n\t\t\t\t\t\t\t\t\t<div class=\"elementor-content-item elementor-cta__content-item elementor-cta__image elementor-animated-item--move-right\">\n\t\t\t\t\t\t<img fetchpriority=\"high\" decoding=\"async\" width=\"1920\" height=\"491\" src=\"https:\/\/ramazzotti.com\/wp-content\/uploads\/2022\/09\/eros.png\" class=\"attachment-full size-full wp-image-4651\" alt=\"Eros Ramazzotti\" srcset=\"https:\/\/ramazzotti.com\/wp-content\/uploads\/2022\/09\/eros.png 1920w, https:\/\/ramazzotti.com\/wp-content\/uploads\/2022\/09\/eros-300x77.png 300w, https:\/\/ramazzotti.com\/wp-content\/uploads\/2022\/09\/eros-1024x262.png 1024w, https:\/\/ramazzotti.com\/wp-content\/uploads\/2022\/09\/eros-768x196.png 768w, https:\/\/ramazzotti.com\/wp-content\/uploads\/2022\/09\/eros-1536x393.png 1536w\" sizes=\"(max-width: 1920px) 100vw, 1920px\" title=\"Eros Ramazzotti\">\t\t\t\t\t<\/div>\n\t\t\t\t\n\t\t\t\t\n\t\t\t\t\n\t\t\t\t\t\t\t<\/div>\n\t\t\t\t\t\t<\/div>\n\t\t\t\t\t\t<\/div>\n\t\t\t\t<\/div>\n\t\t\t\t<div class=\"elementor-element elementor-element-c78a256 elementor-widget elementor-widget-heading\" data-id=\"c78a256\" data-element_type=\"widget\" data-settings=\"{&quot;motion_fx_motion_fx_mouse&quot;:&quot;yes&quot;,&quot;motion_fx_mouseTrack_effect&quot;:&quot;yes&quot;,&quot;motion_fx_mouseTrack_speed&quot;:{&quot;unit&quot;:&quot;px&quot;,&quot;size&quot;:0.5,&quot;sizes&quot;:[]}}\" data-widget_type=\"heading.default\">\n\t\t\t\t<div class=\"elementor-widget-container\">\n\t\t\t\t\t<h2 class=\"elementor-heading-title elementor-size-default\">EROS RAMAZZOTTI<\/h2>\t\t\t\t<\/div>\n\t\t\t\t<\/div>\n\t\t\t\t\t<\/div>\n\t\t<\/div>\n\t\t\t\t\t<\/div>\n\t\t<\/section>\n\t\t\t\t<div class=\"elementor-element elementor-element-affd3e9 elementor-widget elementor-widget-text-editor\" data-id=\"affd3e9\" data-element_type=\"widget\" data-widget_type=\"text-editor.default\">\n\t\t\t\t<div class=\"elementor-widget-container\">\n\t\t\t\t\t\t\t\t\t<h3 style=\"text-align: center;\"><strong>\u201cIl mio giorno preferito \/ Mi d\u00eda preferido\u00bb <br \/>fuori il 22 agosto<\/strong>.<\/h3><p style=\"text-align: center;\"><strong>VIERNES 22 AGOSTO ESTRENA SOBRE TODAS<br \/>LAS PLATAFORMAS DIGITALES Y EN RADIO EN ITALIA<br \/>Y EN TODO EL MUNDO<\/strong><\/p><p style=\"text-align: center;\"><strong><em>IL MIO GIORNO PREFERITO<br \/><\/em><\/strong><strong><em>MI D\u00cdA PREFERIDO<br \/><\/em><\/strong>EL NUEVO SENCILLO<\/p><p style=\"text-align: center;\"><strong>YA DISPONIBLE EL PRE-GUARDADO DE LA CANCI\u00d3N<\/strong><br \/><strong>Y EL CONCURSO MUNDIAL EXCLUSIVO<\/strong><br \/><strong>PARA GANAR EL WORLD TOUR GALA PREMIERE<\/strong><\/p>\t\t\t\t\t\t\t\t<\/div>\n\t\t\t\t<\/div>\n\t\t\t\t<div class=\"elementor-element elementor-element-0ab023f elementor-widget elementor-widget-image\" data-id=\"0ab023f\" data-element_type=\"widget\" data-widget_type=\"image.default\">\n\t\t\t\t<div class=\"elementor-widget-container\">\n\t\t\t\t\t\t\t\t\t\t\t\t\t\t\t\t<a href=\"https:\/\/forms.sonymusicfans.com\/campaign\/sxdjvcfuvh\/\" target=\"_blank\" rel=\"noopener\">\n\t\t\t\t\t\t\t<img decoding=\"async\" width=\"1024\" height=\"1024\" src=\"https:\/\/ramazzotti.com\/wp-content\/uploads\/2025\/08\/cover-1024x1024.jpg\" class=\"attachment-large size-large wp-image-6106\" alt=\"Eros Ramazzotti\" srcset=\"https:\/\/ramazzotti.com\/wp-content\/uploads\/2025\/08\/cover-1024x1024.jpg 1024w, https:\/\/ramazzotti.com\/wp-content\/uploads\/2025\/08\/cover-300x300.jpg 300w, https:\/\/ramazzotti.com\/wp-content\/uploads\/2025\/08\/cover-150x150.jpg 150w, https:\/\/ramazzotti.com\/wp-content\/uploads\/2025\/08\/cover-768x768.jpg 768w, https:\/\/ramazzotti.com\/wp-content\/uploads\/2025\/08\/cover.jpg 1500w\" sizes=\"(max-width: 1024px) 100vw, 1024px\" title=\"Eros Ramazzotti\">\t\t\t\t\t\t\t\t<\/a>\n\t\t\t\t\t\t\t\t\t\t\t\t\t\t\t<\/div>\n\t\t\t\t<\/div>\n\t\t\t\t<div class=\"elementor-element elementor-element-a737998 elementor-widget elementor-widget-text-editor\" data-id=\"a737998\" data-element_type=\"widget\" data-widget_type=\"text-editor.default\">\n\t\t\t\t<div class=\"elementor-widget-container\">\n\t\t\t\t\t\t\t\t\t<p>Tres a\u00f1os despu\u00e9s de su disco m\u00e1s reciente y tras anunciar el viaje musical UNA HISTORIA IMPORTANTE WORLD TOUR, <strong>Eros Ramazzotti estrena su nuevo sencillo Mi d\u00eda preferido (Il mio giorno preferito) el viernes 22 de Agosto en todas las plataformas digitales y en rotaci\u00f3n radiof\u00f3nica en Italia y en todo el mundo para Sony Music Italy bajo licencia de Eventim Live International. <br \/><\/strong><strong>Escrito por Eros Ramazzotti, Edoardo D\u2019Erme, Tommaso Paradiso, CanovA, Antonio Cirigliano y producido por CanovA <\/strong>&#8211; en versi\u00f3n italiana y espa\u00f1ola &#8211; <strong><em>Mi d\u00eda preferido<\/em><\/strong> es un es una canci\u00f3n pop de esp\u00edritu contempor\u00e1neo que confirma una vez m\u00e1s la capacidad de Eros para renovarse. Entre la soledad y el deseo de evasi\u00f3n, <strong><em>Mi d\u00eda preferido<\/em><\/strong> es un renacimiento emocional que transforma lo ordinario en algo especial, hablando al coraz\u00f3n sin perder el contacto con el presente.<br \/>En ocasi\u00f3n del estreno del nuevo sencillo, <strong>Eros Ramazzotti lanza un exclusivo concurso mundial que permitir\u00e1 al ganador participar en el Word Tour Gala Premi\u00e8re que tendr\u00e1 lugar el 17 de Octubre en lo Ziggo Dome de Amsterdam. Para acceder al concurso ser\u00e1 necesario preguardar Mi d\u00eda preferido<\/strong> (el preguardado empieza hoy 1\u00ba Agosto) al siguiente enlace:<\/p>\t\t\t\t\t\t\t\t<\/div>\n\t\t\t\t<\/div>\n\t\t\t\t<div class=\"elementor-element elementor-element-b6bf8e3 elementor-button-info elementor-align-center elementor-widget elementor-widget-button\" data-id=\"b6bf8e3\" data-element_type=\"widget\" data-widget_type=\"button.default\">\n\t\t\t\t<div class=\"elementor-widget-container\">\n\t\t\t\t\t\t\t\t\t<div class=\"elementor-button-wrapper\">\n\t\t\t\t\t<a class=\"elementor-button elementor-button-link elementor-size-sm\" href=\"https:\/\/forms.sonymusicfans.com\/campaign\/sxdjvcfuvh\/\" target=\"_blank\" rel=\"noopener\">\n\t\t\t\t\t\t<span class=\"elementor-button-content-wrapper\">\n\t\t\t\t\t\t\t\t\t<span class=\"elementor-button-text\">PRE-SAVE NOW<\/span>\n\t\t\t\t\t<\/span>\n\t\t\t\t\t<\/a>\n\t\t\t\t<\/div>\n\t\t\t\t\t\t\t\t<\/div>\n\t\t\t\t<\/div>\n\t\t\t\t\t<\/div>\n\t\t<\/div>\n\t\t\t\t\t<\/div>\n\t\t<\/section>\n\t\t\t\t<\/div>\n\t\t","protected":false},"excerpt":{"rendered":"<p>EROS RAMAZZOTTI \u201cIl mio giorno preferito \/ Mi d\u00eda preferido\u00bb fuori il 22 agosto. VIERNES 22 AGOSTO ESTRENA SOBRE TODASLAS PLATAFORMAS DIGITALES Y EN RADIO EN ITALIAY EN TODO EL MUNDO IL MIO GIORNO PREFERITOMI D\u00cdA PREFERIDOEL NUEVO SENCILLO YA DISPONIBLE EL PRE-GUARDADO DE LA CANCI\u00d3NY EL CONCURSO MUNDIAL EXCLUSIVOPARA GANAR EL WORLD TOUR GALA PREMIERE Tres a\u00f1os despu\u00e9s de su disco m\u00e1s reciente y tras anunciar el viaje musical UNA HISTORIA IMPORTANTE WORLD TOUR, Eros Ramazzotti estrena su nuevo sencillo Mi d\u00eda preferido (Il mio giorno preferito) el viernes 22 de Agosto en todas las plataformas digitales y en rotaci\u00f3n radiof\u00f3nica en Italia y en todo el mundo para Sony Music Italy bajo licencia de Eventim Live International. Escrito por Eros Ramazzotti, Edoardo D\u2019Erme, Tommaso Paradiso, CanovA, Antonio Cirigliano y producido por CanovA &#8211; en versi\u00f3n italiana y espa\u00f1ola &#8211; Mi d\u00eda preferido es un es una canci\u00f3n pop de esp\u00edritu contempor\u00e1neo que confirma una vez m\u00e1s la capacidad de Eros para renovarse. Entre la soledad y el deseo de evasi\u00f3n, Mi d\u00eda preferido es un renacimiento emocional que transforma lo ordinario en algo especial, hablando al coraz\u00f3n sin perder el contacto con el presente.En ocasi\u00f3n del estreno del nuevo sencillo, Eros Ramazzotti lanza un exclusivo concurso mundial que permitir\u00e1 al ganador participar en el Word Tour Gala Premi\u00e8re que tendr\u00e1 lugar el 17 de Octubre en lo Ziggo Dome de Amsterdam. Para acceder al concurso ser\u00e1 necesario preguardar Mi d\u00eda preferido (el preguardado empieza hoy 1\u00ba Agosto) al siguiente enlace: PRE-SAVE NOW<\/p>\n","protected":false},"author":4,"featured_media":6103,"parent":0,"menu_order":0,"comment_status":"closed","ping_status":"closed","template":"","meta":{"footnotes":""},"class_list":["post-6126","page","type-page","status-publish","has-post-thumbnail","hentry"],"_links":{"self":[{"href":"https:\/\/ramazzotti.com\/es\/wp-json\/wp\/v2\/pages\/6126","targetHints":{"allow":["GET"]}}],"collection":[{"href":"https:\/\/ramazzotti.com\/es\/wp-json\/wp\/v2\/pages"}],"about":[{"href":"https:\/\/ramazzotti.com\/es\/wp-json\/wp\/v2\/types\/page"}],"author":[{"embeddable":true,"href":"https:\/\/ramazzotti.com\/es\/wp-json\/wp\/v2\/users\/4"}],"replies":[{"embeddable":true,"href":"https:\/\/ramazzotti.com\/es\/wp-json\/wp\/v2\/comments?post=6126"}],"version-history":[{"count":34,"href":"https:\/\/ramazzotti.com\/es\/wp-json\/wp\/v2\/pages\/6126\/revisions"}],"predecessor-version":[{"id":6185,"href":"https:\/\/ramazzotti.com\/es\/wp-json\/wp\/v2\/pages\/6126\/revisions\/6185"}],"wp:featuredmedia":[{"embeddable":true,"href":"https:\/\/ramazzotti.com\/es\/wp-json\/wp\/v2\/media\/6103"}],"wp:attachment":[{"href":"https:\/\/ramazzotti.com\/es\/wp-json\/wp\/v2\/media?parent=6126"}],"curies":[{"name":"wp","href":"https:\/\/api.w.org\/{rel}","templated":true}]}}

Il mio giorno preferito &#8211; Mi día preferido

<div data-elementor-type="wp-page" data-elementor-id="6126" class="elementor elementor-6126 elementor-6092" data-elementor-post-type="page">
						<section class="elementor-section elementor-top-section elementor-element elementor-element-2e93d07 elementor-section-boxed elementor-section-height-default elementor-section-height-default wpr-particle-no wpr-jarallax-no wpr-parallax-no wpr-sticky-section-no" data-id="2e93d07" data-element_type="section">
						<div class="elementor-container elementor-column-gap-default">
					<div class="elementor-column elementor-col-100 elementor-top-column elementor-element elementor-element-8ae5d3f" data-id="8ae5d3f" data-element_type="column">
			<div class="elementor-widget-wrap elementor-element-populated">
						<section class="elementor-section elementor-inner-section elementor-element elementor-element-4855794 elementor-section-boxed elementor-section-height-default elementor-section-height-default wpr-particle-no wpr-jarallax-no wpr-parallax-no wpr-sticky-section-no" data-id="4855794" data-element_type="section">
						<div class="elementor-container elementor-column-gap-default">
					<div class="elementor-column elementor-col-100 elementor-inner-column elementor-element elementor-element-56eb6e9" data-id="56eb6e9" data-element_type="column">
			<div class="elementor-widget-wrap elementor-element-populated">
						<div class="elementor-element elementor-element-59b9a43 elementor-cta--skin-cover elementor-animated-content elementor-widget elementor-widget-call-to-action" data-id="59b9a43" data-element_type="widget" data-widget_type="call-to-action.default">
				<div class="elementor-widget-container">
							<div class="elementor-cta">
					<div class="elementor-cta__bg-wrapper">
				<div class="elementor-cta__bg elementor-bg" style="background-image: url();" role="img" aria-label=""></div>
				<div class="elementor-cta__bg-overlay"></div>
			</div>
							<div class="elementor-cta__content">
									<div class="elementor-content-item elementor-cta__content-item elementor-cta__image elementor-animated-item--move-right">
						<img fetchpriority="high" decoding="async" width="1920" height="491" src="https://ramazzotti.com/wp-content/uploads/2022/09/eros.png" class="attachment-full size-full wp-image-4651" alt="Eros Ramazzotti" srcset="https://ramazzotti.com/wp-content/uploads/2022/09/eros.png 1920w, https://ramazzotti.com/wp-content/uploads/2022/09/eros-300x77.png 300w, https://ramazzotti.com/wp-content/uploads/2022/09/eros-1024x262.png 1024w, https://ramazzotti.com/wp-content/uploads/2022/09/eros-768x196.png 768w, https://ramazzotti.com/wp-content/uploads/2022/09/eros-1536x393.png 1536w" sizes="(max-width: 1920px) 100vw, 1920px" title="Eros Ramazzotti">					</div>
				
				
				
							</div>
						</div>
						</div>
				</div>
				<div class="elementor-element elementor-element-c78a256 elementor-widget elementor-widget-heading" data-id="c78a256" data-element_type="widget" data-settings="{&quot;motion_fx_motion_fx_mouse&quot;:&quot;yes&quot;,&quot;motion_fx_mouseTrack_effect&quot;:&quot;yes&quot;,&quot;motion_fx_mouseTrack_speed&quot;:{&quot;unit&quot;:&quot;px&quot;,&quot;size&quot;:0.5,&quot;sizes&quot;:[]}}" data-widget_type="heading.default">
				<div class="elementor-widget-container">
					<h2 class="elementor-heading-title elementor-size-default">EROS RAMAZZOTTI</h2>				</div>
				</div>
					</div>
		</div>
					</div>
		</section>
				<div class="elementor-element elementor-element-affd3e9 elementor-widget elementor-widget-text-editor" data-id="affd3e9" data-element_type="widget" data-widget_type="text-editor.default">
				<div class="elementor-widget-container">
									<h3 style="text-align: center;"><strong>“Il mio giorno preferito / Mi día preferido» <br />fuori il 22 agosto</strong>.</h3><p style="text-align: center;"><strong>VIERNES 22 AGOSTO ESTRENA SOBRE TODAS<br />LAS PLATAFORMAS DIGITALES Y EN RADIO EN ITALIA<br />Y EN TODO EL MUNDO</strong></p><p style="text-align: center;"><strong><em>IL MIO GIORNO PREFERITO<br /></em></strong><strong><em>MI DÍA PREFERIDO<br /></em></strong>EL NUEVO SENCILLO</p><p style="text-align: center;"><strong>YA DISPONIBLE EL PRE-GUARDADO DE LA CANCIÓN</strong><br /><strong>Y EL CONCURSO MUNDIAL EXCLUSIVO</strong><br /><strong>PARA GANAR EL WORLD TOUR GALA PREMIERE</strong></p>								</div>
				</div>
				<div class="elementor-element elementor-element-0ab023f elementor-widget elementor-widget-image" data-id="0ab023f" data-element_type="widget" data-widget_type="image.default">
				<div class="elementor-widget-container">
																<a href="https://forms.sonymusicfans.com/campaign/sxdjvcfuvh/" target="_blank" rel="noopener">
							<img decoding="async" width="1024" height="1024" src="https://ramazzotti.com/wp-content/uploads/2025/08/cover-1024x1024.jpg" class="attachment-large size-large wp-image-6106" alt="Eros Ramazzotti" srcset="https://ramazzotti.com/wp-content/uploads/2025/08/cover-1024x1024.jpg 1024w, https://ramazzotti.com/wp-content/uploads/2025/08/cover-300x300.jpg 300w, https://ramazzotti.com/wp-content/uploads/2025/08/cover-150x150.jpg 150w, https://ramazzotti.com/wp-content/uploads/2025/08/cover-768x768.jpg 768w, https://ramazzotti.com/wp-content/uploads/2025/08/cover.jpg 1500w" sizes="(max-width: 1024px) 100vw, 1024px" title="Eros Ramazzotti">								</a>
															</div>
				</div>
				<div class="elementor-element elementor-element-a737998 elementor-widget elementor-widget-text-editor" data-id="a737998" data-element_type="widget" data-widget_type="text-editor.default">
				<div class="elementor-widget-container">
									<p>Tres años después de su disco más reciente y tras anunciar el viaje musical UNA HISTORIA IMPORTANTE WORLD TOUR, <strong>Eros Ramazzotti estrena su nuevo sencillo Mi día preferido (Il mio giorno preferito) el viernes 22 de Agosto en todas las plataformas digitales y en rotación radiofónica en Italia y en todo el mundo para Sony Music Italy bajo licencia de Eventim Live International. <br /></strong><strong>Escrito por Eros Ramazzotti, Edoardo D’Erme, Tommaso Paradiso, CanovA, Antonio Cirigliano y producido por CanovA </strong>&#8211; en versión italiana y española &#8211; <strong><em>Mi día preferido</em></strong> es un es una canción pop de espíritu contemporáneo que confirma una vez más la capacidad de Eros para renovarse. Entre la soledad y el deseo de evasión, <strong><em>Mi día preferido</em></strong> es un renacimiento emocional que transforma lo ordinario en algo especial, hablando al corazón sin perder el contacto con el presente.<br />En ocasión del estreno del nuevo sencillo, <strong>Eros Ramazzotti lanza un exclusivo concurso mundial que permitirá al ganador participar en el Word Tour Gala Première que tendrá lugar el 17 de Octubre en lo Ziggo Dome de Amsterdam. Para acceder al concurso será necesario preguardar Mi día preferido</strong> (el preguardado empieza hoy 1º Agosto) al siguiente enlace:</p>								</div>
				</div>
				<div class="elementor-element elementor-element-b6bf8e3 elementor-button-info elementor-align-center elementor-widget elementor-widget-button" data-id="b6bf8e3" data-element_type="widget" data-widget_type="button.default">
				<div class="elementor-widget-container">
									<div class="elementor-button-wrapper">
					<a class="elementor-button elementor-button-link elementor-size-sm" href="https://forms.sonymusicfans.com/campaign/sxdjvcfuvh/" target="_blank" rel="noopener">
						<span class="elementor-button-content-wrapper">
									<span class="elementor-button-text">PRE-SAVE NOW</span>
					</span>
					</a>
				</div>
								</div>
				</div>
					</div>
		</div>
					</div>
		</section>
				</div>

<p>EROS RAMAZZOTTI “Il mio giorno preferito / Mi día preferido» fuori il 22 agosto. VIERNES 22 AGOSTO ESTRENA SOBRE TODASLAS PLATAFORMAS DIGITALES Y EN RADIO EN ITALIAY EN TODO EL MUNDO IL MIO GIORNO PREFERITOMI DÍA PREFERIDOEL NUEVO SENCILLO YA DISPONIBLE EL PRE-GUARDADO DE LA CANCIÓNY EL CONCURSO MUNDIAL EXCLUSIVOPARA GANAR EL WORLD TOUR GALA PREMIERE Tres años después de su disco más reciente y tras anunciar el viaje musical UNA HISTORIA IMPORTANTE WORLD TOUR, Eros Ramazzotti estrena su nuevo sencillo Mi día preferido (Il mio giorno preferito) el viernes 22 de Agosto en todas las plataformas digitales y en rotación radiofónica en Italia y en todo el mundo para Sony Music Italy bajo licencia de Eventim Live International. Escrito por Eros Ramazzotti, Edoardo D’Erme, Tommaso Paradiso, CanovA, Antonio Cirigliano y producido por CanovA &#8211; en versión italiana y española &#8211; Mi día preferido es un es una canción pop de espíritu contemporáneo que confirma una vez más la capacidad de Eros para renovarse. Entre la soledad y el deseo de evasión, Mi día preferido es un renacimiento emocional que transforma lo ordinario en algo especial, hablando al corazón sin perder el contacto con el presente.En ocasión del estreno del nuevo sencillo, Eros Ramazzotti lanza un exclusivo concurso mundial que permitirá al ganador participar en el Word Tour Gala Première que tendrá lugar el 17 de Octubre en lo Ziggo Dome de Amsterdam. Para acceder al concurso será necesario preguardar Mi día preferido (el preguardado empieza hoy 1º Agosto) al siguiente enlace: PRE-SAVE NOW</p>
